ite?
False
Suppose -2*k - 16660 = -p - 0*k, 3*p - 5*k = 49975. Suppose 4*d = -2*c + p, -d = 4*c - 4*d - 33245. Is c a composite number?
True
Suppose -4*o + o = 4*v + 397, -5*v + 10 = 0. Let g = 135 + o. Suppose g = -4*q - 3*s + 216, -49 = -q + s - 3*s. Is q a composite number?
True
Is (-1 - 1)*81/(-891) + 7081431/33 prime?
True
Is 32/2 - 1954575/(-51) a prime number?
False
Let c be (-1*12/8)/((-3)/16). Let i be 1/((-38)/c + 5). Let g(b) = 23*b**3 + 5*b**2 + b - 21. Is g(i) composite?
True
Suppose 0 = 4*s - 3*k + 2086 + 2670, 5*s - 2*k + 5952 = 0. Let t = 3059 + s. Is t prime?
True
Let t(h) = 32*h**3 + 4*h + 1. Let w(u) = 2*u - 20. Let o be w(14). Suppose 0 = o*y + 2*y - 30. Is t(y) prime?
True
Suppose 8*m - 2*f - 180956 = -54820, -4*f = -5*m + 78835. Is m composite?
False
Let u = 11821 + -6345. Suppose -11*i - u = -15*i. Is i a prime number?
False
Let o = 54 + -50. Suppose 2*b - 4*q + 4 = 0, o*b - q - 10 = q. Is (-446)/3*(-30)/b a prime number?
False
Suppose -k = 2*k + 3378. Let j(n) = 19*n**2 + 19*n - 27. Let o be j(-13). Let i = o + k. Is i a prime number?
True
Let w(m) = 355*m**2 + 33*m + 137. Is w(-11) prime?
False
Let x(g) = 36 - g**2 + 11*g - 2*g - 29. Let h be x(6). Let m = h - -10. Is m prime?
False
Let t = -122 - 635. Let d = -236 - t. Is d composite?
False
Let y(p) = -p**2 + 4*p + 10. Let g be y(8). Is 2/(-3) - (-1425)/(-18)*g a prime number?
True
Suppose -17*y + 13*y = -5*d - 17, d = -2*y + 19. Is (-3793)/((-5)/(-15) + y/(-6)) prime?
True
Let p = 23 + -7. Suppose p*r - 49905 = r. Is r a composite number?
True
Let c = -3 - 7. Let o = 15 + c. Suppose 91 = 2*b - 5*n, 2*n + 0*n = o*b - 280. Is b composite?
True
Is 90635153/882 + (-2)/(-36) prime?
True
Suppose 1204 = 6*i - 158. Suppose -342 = -3*v - 0*d - 4*d, -2*v + i = 3*d. Is v a composite number?
True
Let s be (-4)/(-22) - (-60)/33. Let u = 1703 + 6982. Suppose 2*t + u = -2*g + 5*g, 3*t = s*g - 5785. Is g a prime number?
True
Let u(s) = 334*s**2 - 608*s - 5. Is u(29) composite?
False
Let t(b) = 7 + 36*b**2 + 2 - 10 - 11*b. Is t(-6) composite?
False
Let f be (3*42/18)/(1/7). Suppose f*b + 16355 = 54*b. Is b composite?
False
Let n(f) = -6*f + 1. Suppose 0 = 2*l + 5*c - 394, 0 = 5*l - 0*c + c - 962. Let g be (-4)/22 + l/(-33). Is n(g) a composite number?
False
Let j(k) = k**3 + 31*k**2 - 68*k - 66. Let x be j(-33). Suppose x = -29*q + 36*q - 48965. Is q a composite number?
True
Suppose 3*l - 12 = 3*b, 21*b - 20 = -5*l + 22*b. Suppose 6*r - 14080 = r - 5*s, -2831 = -r + l*s. Is r composite?
False
Let a be 0 + 131 - (-10)/(-5). Suppose -o - 16 - 60 = 0. Let r = o + a. Is r a prime number?
True
Let n(c) = c**3 + 9*c**2 - c - 5. Let g be n(-9). Suppose -12 = -4*m - g*j, -m - 2*j - 3*j + 11 = 0. Is -1 - 2 - m - (-2453 + 12) composite?
False
Let y = -47 - -52. Let f(p) = 2*p**2 - p - 3. Let o be f(2). Suppose 5*v - 1455 = -y*s, -978 = -o*v + s - 97. Is v prime?
True
Suppose -5*r + 7260 = -11*r. Let k = 7437 + r. Suppose -1343 + k = 12*j. Is j prime?
False
Suppose -11*s - 6*s = -425. Suppose -s*j = -300078 - 226397. Is j a composite number?
False
Suppose -158*u - 594465 = -163*u. Is u a composite number?
True
Let s be (1 - (0 - -2))/(3/93). Let i = s - -35. Suppose -i*v + 176 + 20 = 0. Is v a composite number?
True
Let s = 231522 + -69655. Is s a prime number?
False
Is 1779775/9 + (-236)/(-1062) composite?
False
Let o(b) = b**2 - 23*b + 26. Let w be o(22). Suppose 4121 = 3*k + w*s - 9*s, -3*s + 1355 = k. Is k composite?
False
Suppose -31*z - 455 = -18*z. Is (-220)/z + -6 + (-100894)/(-14) prime?
True
Suppose 2*n + 2*n - 12 = -2*t, 0 = 3*t + 4*n - 18. Suppose 3*j - t*j - 9 = 0, -5*f - 3*j - 19 = 0. Is (-76191)/(-45) - f/(-15) a prime number?
True
Suppose -121 = -10*i + 49. Suppose 0 = 20*w + i*w - 141377. Is w prime?
True
Let o = -28 - -37. Suppose o*a - 3396 = 7*a. Let d = a + -749. Is d prime?
False
Suppose -64701 + 217483 = 14*h. Suppose 2*p - 5*t = 28577, -t = 2*p - 17646 - h. Is p a prime number?
True
Suppose -11*z + 177386 = 11*z. Is (-35 - z)/(0 + -2) a composite number?
False
Suppose 2*v - 52 = -4*l - v, -5*l + 65 = -2*v. Let j(i) = i**3 - 5*i**2 - 21*i + 18. Is j(l) composite?
False
Let s(b) = 27 - 19 - 20 - 931*b - 6. Is s(-1) a prime number?
False
Suppose 4*u + 2*a - 1575394 = 0, 34*u - 393850 = 33*u - a. Is u a composite number?
False
Let u be (-7)/(70/(-85))*4. Suppose 0 = -a + 5, -32*m + u*m - 4*a - 3926 = 0. Is m a prime number?
True
Let k = 12184 - -9115. Let p = k + -11907. Suppose 0 = 7*z + 9*z - p. Is z a composite number?
False
Let u(p) = -1154*p + 1431. Is u(-20) a prime number?
False
Let c(s) = 133*s - 8. Let b be c(6). Suppose -v - 1 = 0, -5*o - 9*v + 4*v + 35 = 0. Is (12/o)/(5/b) a composite number?
True
Let k = 8326 + -8062. Suppose 2*f - 357 = 757. Let b = f - k. Is b composite?
False
Suppose -5*z + 8*z - 15 = 0. Suppose 2*w - 2036 = 4*q, z*w + 109 = -2*q + 5259. Let g = w - 705. Is g prime?
False
Let k(a) = a**2 + a. Let c(f) = -17*f**2 - 17*f + 3. Let q(o) = -c(o) - 3*k(o). Is q(16) a composite number?
True
Let j = 151 + -151. Suppose -5*m = n - 76750, 5*m - 2*m - 4*n - 46027 = j. Is m prime?
True
Suppose -2*m - 16 = 9*c - 14*c, -2*c = -4. Let a(f) = 162*f**2 - 7*f - 10. Is a(m) a composite number?
True
Suppose 8*s - 3*g = 4*s + 3, 2*g = 3*s - 3. Suppose -67*x + s*x = -36160. Is x a composite number?
True
Is -3*388478/(-8)*(-17 + 2090/114) prime?
True
Is (-2729664)/(-56) + (-2 - (5 - -6)) prime?
True
Let f be ((-1)/2)/((-1)/6). Suppose 793 = f*p - 6485. Is p a prime number?
False
Suppose 3*r = 4*z - 140693, -z + 35156 = 14*r - 9*r. Is z a composite number?
False
Suppose -5*a + 4 + 11 = 0. Suppose a*h + 2*h = 20. Suppose h*r + 59 = -4*w + 4711, -r + 1175 = -5*w. Is r prime?
False
Let j = 36226 + -19722. Let t = 27791 - j. Is t composite?
False
Suppose 2*h + 15 = h. Let a = -10 - h. Suppose -5030 = -a*m + 3*s, 896 + 138 = m + 5*s. Is m a prime number?
True
Let p = -14717 + 20724. Is p composite?
False
Suppose 18*w - 6057 = 15*w. Let b = w + -1381. Suppose -q + 1463 + b = 0. Is q composite?
True
Suppose -5*t + 23 = -2*v - 2*v, 28 = -4*v + 4*t. Is (-6 - (v + 5)) + 4258 + 0 a prime number?
True
Suppose 49*u + 15 = 52*u. Suppose -u*j + 26040 = -5*r, -r + 2*r - 15620 = -3*j. Is j prime?
False
Is (76795/(-3))/(3400/(-38760)) prime?
False
Let i = -38571 - -111216. Suppose 69*o = 54*o + i. Is o prime?
False
Let i(c) = 36 + 19 + 86*c - 36. Let d = 28 - 20. Is i(d) prime?
False
Let i(u) = -u - 7. Let z be i(-7). Suppose 4*q - 15 - 1 = z. Suppose q*r - 2*r = 1966. Is r a prime number?
True
Let c(h) = -6*h**2 - 205*h - 29. Let i be c(-28). Let a = -2 + 3. Suppose -3*z + 2 = -a, 4*v + 3*z - i = 0. Is v composite?
False
Is (-6)/(72/(-957676))*3 composite?
True
Let b(g) = 777*g**3 + 4*g + 2. Let z be b(4). Suppose 7*c = z + 5561. Is c composite?
False
Let k be (20/(-8))/((-1)/2). Suppose g + k = 3*g - 3*t, -g = -4*t - 10. Is g + (-10)/(-4) + (-8118)/(-12) a composite number?
False
Let m(k) be the third derivative of -79*k**4/12 + 53*k**3/6 - 51*k**2. Is m(-12) composite?
False
Suppose -541*m + 165*m + 26850536 = 0. Is m a composite number?
False
Suppose -371 = -3*i - 356. Suppose -c + 9*a + 2119 = i*a, -2*c + 4214 = -2*a. Is c a composite number?
True
Suppose -2*r = -3*d + 1092301, 212345 + 1244075 = 4*d + 2*r. Is d a prime number?
True
Suppose 1038*o - 1037*o - 332425 = -4*v, -2*o + 664794 = v. Is o composite?
False
Suppose 121*g - 17164428 = 6196415 + 26925668. Is g prime?
False
Let s = 166765 + -64578. Is s prime?
False
Suppose 232*y = 242*y + 270080. Let x = y + 50987. Is x a prime number?
False
Let y = 19 - 45. Let p = -50 + y. Let b = p - -225. Is b a prime number?
True
Let m be 4/(-22) - 200/(-11). Let j be 1444/18 + 1/(m/(-4)). Suppose -j = x + 4*p - 538, p = 3*x - 1335. Is x prime?
False
Let d(h) = -2193*h + 10. Let s(o) = o**2 + 18*o + 64. Let v be s(-5). Is d(v) a prime number?
True
Suppose -12*g - 55 - 29 = 0. Let a be (-111)/(-21) + g/((-196)/(-8)). Suppose -4*w + 1807 = a*m - 2389, 2*w + m = 2098. Is w prime?
True
Suppose -3*f - 2*b = -8*f - 2960, 4*f + 2345 = -3*b. Let i be (f - -4)/((-3)/9). Suppose -2*n + i = 4*n. Is n prime?
True
Let t be ((-5142)/4)/(54/(-252)). Suppose 3*d - 4500 = -3*b, 3*d - t = 5*b - 9*b. Is b a composite number?
False
Let g = 50670 + 1742